remainder when 1452 is divided by 133.
122
Calculate the remainder when 4487 is divided by 1097.
99
What is the remainder when 256854 is divided by 144?
102
Calculate the remainder when 203847 is divided by 22.
17
What is the remainder when 4017 is divided by 448?
433
What is the remainder when 5541 is divided by 6?
3
Calculate the remainder when 1294350 is divided by 76.
70
Calculate the remainder when 151555 is divided by 437.
353
What is the remainder when 594088 is divided by 345?
343
What is the remainder when 1023 is divided by 125?
23
Calculate the remainder when 8613 is divided by 88.
77
Calculate the remainder when 4120735 is divided by 8.
7
Calculate the remainder when 8698 is divided by 52.
14
Calculate the remainder when 54202 is divided by 4912.
170
What is the remainder when 63872 is divided by 318?
272
What is the remainder when 66502 is divided by 10?
2
Calculate the remainder when 38674 is divided by 12889.
7
Calculate the remainder when 68778 is divided by 251.
4
What is the remainder when 4595 is divided by 115?
110
What is the remainder when 2698 is divided by 775?
373
What is the remainder when 591053 is divided by 26?
21
Calculate the remainder when 273411 is divided by 8.
3
What is the remainder when 53379 is divided by 7?
4
What is the remainder when 6389 is divided by 246?
239
Calculate the remainder when 1348 is divided by 294.
172
Calculate the remainder when 20422 is divided by 11.
6
Calculate the remainder when 11678 is divided by 186.
146
Calculate the remainder when 45564 is divided by 422.
410
What is the remainder when 3011 is divided by 1460?
91
Calculate the remainder when 749 is divided by 713.
36
Calculate the remainder when 120400 is divided by 286.
280
Calculate the remainder when 383367 is divided by 8.
7
What is the remainder when 76357 is divided by 249?
163
Calculate the remainder when 143432 is divided by 163.
155
Calculate the remainder when 34175 is divided by 73.
11
Calculate the remainder when 13509 is divided by 78.
15
What is the remainder when 3018 is divided by 476?
162
What is the remainder when 3152 is divided by 455?
422
What is the remainder when 18287 is divided by 2610?
17
Calculate the remainder when 5934207 is divided by 148.
147
Calculate the remainder when 12918 is divided by 11924.
994
What is the remainder when 34117 is divided by 17054?
9
What is the remainder when 33915 is divided by 2255?
90
What is the remainder when 146139 is divided by 4428?
15
What is the remainder when 3967 is divided by 200?
167
Calculate the remainder when 19902 is divided by 13.
12
What is the remainder when 5183 is divided by 95?
53
What is the remainder when 214597 is divided by 231?
229
What is the remainder when 1019 is divided by 222?
131
Calculate the remainder when 370271 is divided by 497.
6
What is the remainder when 24649 is divided by 24637?
12
Calculate the remainder when 2656 is divided by 528.
16
Calculate the remainder when 75852 is divided by 37922.
8
Calculate the remainder when 102551 is divided by 5127.
11
Calculate the remainder when 1485 is divided by 400.
285
Calculate the remainder when 105241 is divided by 15033.
10
What is the remainder when 153570 is divided by 51159?
93
Calculate the remainder when 29268 is divided by 9719.
111
What is the remainder when 222638 is divided by 222627?
11
What is the remainder when 237675 is divided by 1219?
1189
Calculate the remainder when 21212 is divided by 156.
152
Calculate the remainder when 72519 is divided by 48.
39
Calculate the remainder when 12863 is divided by 16.
15
What is the remainder when 61018 is divided by 452?
450
Calculate the remainder when 201845 is divided by 64.
53
What is the remainder when 3253 is divided by 635?
78
What is the remainder when 2776 is divided by 451?
70
Calculate the remainder when 21033 is divided by 23.
11
What is the remainder when 1009548 is divided by 16?
12
What is the remainder when 9737 is divided by 36?
17
What is the remainder when 26166 is divided by 1046?
16
Calculate the remainder when 372151 is divided by 219.
70
What is the remainder when 24440 is divided by 275?
240
Calculate the remainder when 3709 is divided by 248.
237
Calculate the remainder when 43610 is divided by 1016.
938
Calculate the remainder when 18929 is divided by 1352.
1
Calculate the remainder when 1115 is divided by 150.
65
What is the remainder when 69596 is divided by 30?
26
Calculate the remainder when 879 is divided by 862.
17
Calculate the remainder when 43909 is divided by 39.
34
What is the remainder when 6616 is divided by 156?
64
What is the remainder when 179484 is divided by 192?
156
What is the remainder when 235467 is divided by 86?
85
Calculate the remainder when 134745 is divided by 57.
54
What is the remainder when 10084 is divided by 683?
522
Calculate the remainder when 6009 is divided by 334.
331
Calculate the remainder when 774 is divided by 526.
248
Calculate the remainder when 1010 is divided by 276.
182
What is the remainder when 1807934 is divided by 8?
6
What is the remainder when 44645 is divided by 5577?
29
What is the remainder when 6287 is divided by 2059?
110
Calculate the remainder when 27029 is divided by 1689.
5
Calculate the remainder when 9403 is divided by 209.
207
What is the remainder when 3531 is divided by 93?
90
What is the remainder when 16864 is divided by 450?
214
What is the remainder when 4782 is divided by 2380?
22
What is the remainder when 406016 is divided by 268?
264
What is the remainder when 6861 is divided by 180?
21
What is the remainder when 2733 is divided by 76?
73
What is the remainder when 96670 is divided by 1007?
1005
What is the remainder when 27999 is divided by 208?
127
What is the remainder when 11817 is divided by 5734?
349
Calculate the remainder when 3671 is divided by 40.
31
Calculate the remainder when 1083 is divided by 270.
3
What is the remainder when 5805 is divided by 203?
121
Calculate the remainder when 10742 is divided by 5242.
258
What is the remainder when 16555 is divided by 47?
11
What is the remainder when 575197 is divided by 200?
197
What is the remainder when 35332 is divided by 453?
451
Calculate the remainder when 12974 is divided by 18.
14
What is the remainder when 288438 is divided by 480?
438
What is the remainder when 377834 is divided by 138?
128
Calculate the remainder when 10367 is divided by 5183.
1
What is the remainder when 3173918 is divided by 956?
954
What is the remainder when 20469 is divided by 10?
9
What is the remainder when 777710 is divided by 13?
11
What is the remainder when 14945 is divided by 27?
14
What is the remainder when 55569 is divided by 33?
30
What is the remainder when 9302 is divided by 179?
173
Calculate the remainder when 3045 is divided by 569.
200
Calculate the remainder when 10051 is divided by 701.
237
What is the remainder when 5309 is divided by 513?
179
Calculate the remainder when 548507 is divided by 3.
2
What is the remainder when 207849 is divided by 202?
193
Calculate the remainder when 4938 is divided by 985.
13
What is the remainder when 2087 is divided by 935?
217
Calculate the remainder when 6981 is divided by 1583.
649
Calculate the remainder when 71271 is divided by 42.
39
Calculate the remainder when 8478 is divided by 4234.
10
Calculate the remainder when 4417 is divided by 947.
629
What is the remainder when 102366 is divided by 17057?
24
What is the remainder when 74082 is divided by 228?
210
What is the remainder when 9979 is divided by 42?
25
Calculate the remainder when 236621 is divided by 17.
15
What is the remainder when 159135 is divided by 187?
185
Calculate the remainder when 38603 is divided by 85.
13
What is the remainder when 335257 is divided by 580?
17
Calculate the remainder when 38440 is divided by 872.
72
What is the remainder when 4562 is divided by 104?
90
Calculate the remainder when 45022 is divided by 465.
382
What is the remainder when 1081 is divided by 362?
357
Calculate the remainder when 8293 is divided by 488.
485
What is the remainder when 8620 is divided by 62?
2
What is the remainder when 935 is divided by 46?
15
What is the remainder when 1423 is divided by 451?
70
What is the remainder when 125189 is divided by 245?
239
Calculate the rem